ainder when 19755540 is divided by 1975550.
40
Calculate the remainder when 1219935 is divided by 107.
28
Calculate the remainder when 18803251 is divided by 1073.
1072
What is the remainder when 2305123 is divided by 1054?
25
Calculate the remainder when 2749312 is divided by 51.
4
What is the remainder when 397234 is divided by 26481?
19
Calculate the remainder when 1452122 is divided by 1580.
102
Calculate the remainder when 122952761 is divided by 30738190.
1
Calculate the remainder when 807639 is divided by 5.
4
What is the remainder when 72633 is divided by 72581?
52
What is the remainder when 4006414 is divided by 1528?
1526
Calculate the remainder when 52536 is divided by 10502.
26
What is the remainder when 4310311 is divided by 207?
157
Calculate the remainder when 16634 is divided by 15719.
915
Calculate the remainder when 13978 is divided by 3898.
2284
What is the remainder when 1492247 is divided by 1084?
663
What is the remainder when 183604242 is divided by 90624?
18
Calculate the remainder when 2661419 is divided by 3813.
3758
Calculate the remainder when 799481 is divided by 872.
729
Calculate the remainder when 155943 is divided by 1000.
943
What is the remainder when 4192988 is divided by 113?
10
What is the remainder when 577841 is divided by 192571?
128
Calculate the remainder when 1227706 is divided by 1227694.
12
Calculate the remainder when 87445 is divided by 12437.
386
What is the remainder when 25296841 is divided by 93?
4
What is the remainder when 2373353 is divided by 93?
86
Calculate the remainder when 12817192 is divided by 2913.
2905
Calculate the remainder when 460883 is divided by 81.
74
Calculate the remainder when 21298017 is divided by 2591.
2588
What is the remainder when 35354 is divided by 6623?
2239
What is the remainder when 13090 is divided by 3181?
366
What is the remainder when 212716 is divided by 3495?
3016
Calculate the remainder when 15353 is divided by 2087.
744
Calculate the remainder when 8275497 is divided by 3065.
3062
Calculate the remainder when 2046456 is divided by 5158.
3888
What is the remainder when 144537 is divided by 28896?
57
What is the remainder when 8828 is divided by 2128?
316
Calculate the remainder when 501486 is divided by 501191.
295
Calculate the remainder when 6318752 is divided by 2106231.
59
What is the remainder when 2250589 is divided by 5907?
22
Calculate the remainder when 3431884 is divided by 43.
11
What is the remainder when 5817440 is divided by 507?
122
What is the remainder when 172798005 is divided by 146?
143
What is the remainder when 74693 is divided by 513?
308
Calculate the remainder when 684732 is divided by 342353.
26
Calculate the remainder when 566870 is divided by 907.
902
What is the remainder when 120522 is divided by 119207?
1315
What is the remainder when 5194396 is divided by 52?
12
What is the remainder when 852661 is divided by 43?
14
Calculate the remainder when 2212527 is divided by 2585.
2352
What is the remainder when 10408 is divided by 2599?
12
Calculate the remainder when 17709 is divided by 128.
45
Calculate the remainder when 294312975 is divided by 4571.
4569
What is the remainder when 21384 is divided by 3140?
2544
What is the remainder when 138385 is divided by 10177?
6084
Calculate the remainder when 334579 is divided by 74.
25
What is the remainder when 7463174 is divided by 3731558?
58
Calculate the remainder when 1192515 is divided by 1521.
51
Calculate the remainder when 36778 is divided by 7347.
43
What is the remainder when 58644 is divided by 34?
28
Calculate the remainder when 93263 is divided by 7460.
3743
What is the remainder when 125055684 is divided by 137575?
9
Calculate the remainder when 1560665 is divided by 26011.
5
What is the remainder when 11077295 is divided by 4672?
4655
What is the remainder when 158208 is divided by 1140?
888
What is the remainder when 232298 is divided by 1721?
1684
What is the remainder when 298004 is divided by 74254?
988
Calculate the remainder when 11718678 is divided by 1851.
1848
What is the remainder when 63963304 is divided by 1221?
1219
Calculate the remainder when 139878 is divided by 46497.
387
Calculate the remainder when 477316 is divided by 119095.
936
Calculate the remainder when 130556 is divided by 32636.
12
What is the remainder when 1525187 is divided by 36?
11
Calculate the remainder when 55732 is divided by 4841.
2481
What is the remainder when 1931950 is divided by 965336?
1278
What is the remainder when 4277601 is divided by 2138786?
29
Calculate the remainder when 5900 is divided by 5132.
768
What is the remainder when 106474287 is divided by 53237140?
7
Calculate the remainder when 1570461 is divided by 57.
54
What is the remainder when 3562938 is divided by 3559?
379
What is the remainder when 8013250 is divided by 6?
4
Calculate the remainder when 713480 is divided by 179.
165
Calculate the remainder when 598723 is divided by 15755.
33
What is the remainder when 66207 is divided by 3310?
7
Calculate the remainder when 429453 is divided by 142867.
852
What is the remainder when 19259397 is divided by 34577?
8
What is the remainder when 4736919174 is divided by 4925?
4924
What is the remainder when 14370671 is divided by 12?
11
Calculate the remainder when 528373 is divided by 18210.
283
Calculate the remainder when 38801526 is divided by 6698.
12
Calculate the remainder when 5075639 is divided by 471.
143
What is the remainder when 17275428 is divided by 60193?
37
What is the remainder when 71314 is divided by 1181?
454
What is the remainder when 232867 is divided by 40?
27
What is the remainder when 22243307 is divided by 263?
82
What is the remainder when 435134 is divided by 31081?
0
Calculate the remainder when 632585 is divided by 632473.
112
Calculate the remainder when 8081962 is divided by 808195.
12
What is the remainder when 1718071 is divided by 149?
101
Calculate the remainder when 25437007 is divided by 3107.
3105
Calculate the remainder when 3300838 is divided by 471548.
2
Calculate the remainder when 2041351 is divided by 9629.
3
What is the remainder when 128698 is divided by 8040?
58
What is the remainder when 9672647 is divided by 65?
62
What is the remainder when 38567886 is divided by 9641968?
14
What is the remainder when 2983030 is divided by 31391?
885
What is the remainder when 21346 is divided by 754?
234
What is the remainder when 2916432 is divided by 243035?
12
Calculate the remainder when 23923446 is divided by 355.
351
What is the remainder when 6172947 is divided by 1191?
1185
Calculate the remainder when 142590 is divided by 2855.
2695
Calculate the remainder when 32694097 is divided by 182.
163
What is the remainder when 690806 is divided by 24614?
1614
Calculate the remainder when 201321 is divided by 67088.
57
What is the remainder when 1088782 is divided by 24?
22
What is the remainder when 4289340 is divided by 138365?
25
Calculate the remainder when 379011509 is divided by 88.
85
What is the remainder when 1459452 is divided by 729106?
1240
Calculate the remainder when 2963236 is divided by 113966.
120
What is the remainder when 164899 is divided by 18322?
1
Calculate the remainder when 306046 is divided by 168.
118
What is the remainder when 621281 is divided by 980?
941
Calculate the remainder when 552551 is divided by 91475.
3701
Calculate the remainder when 113899385 is divided by 29190.
5
Calculate the remainder when 140886 is divided by 16746.
6918
Calculate the remainder when 1599010 is divided by 799455.
100
Calculate the remainder when 53151 is divided by 414.
159
Calculate the remainder when 186810500 is divided by 4245693.
8
What is the remainder when 67954 is divided by 16855?
534
Calculate the remainder when 96107 is divided by 11861.
1219
What is the remainder when 54639063 is divided by 6190?
6123
Calculate the remainder when 40971 is divided by 10147.
383
Calculate the remainder when 106001 is divided by 2409.
5
Calculate the remainder when 21774 is divided by 47.
13
What is the remainder when 37360 is divided by 7443?
145
Calculate the remainder when 14739898 is divided by 14739843.
55
Calculate the remainder when 490228 is divided by 81656.
292
Calculate the remainder when 333079 is divided by 1146.